[INFO] cloning repository https://github.com/dbrgn/vbt-lift-control
[INFO] running `Command { std: "git" "-c" "credential.helper=" "-c" "credential.helper=/workspace/cargo-home/bin/git-credential-null" "clone" "--bare" "https://github.com/dbrgn/vbt-lift-control" "/workspace/cache/git-repos/https%3A%2F%2Fgithub.com%2Fdbrgn%2Fvbt-lift-control", kill_on_drop: false }`
[INFO] [stderr] Cloning into bare repository '/workspace/cache/git-repos/https%3A%2F%2Fgithub.com%2Fdbrgn%2Fvbt-lift-control'...
[INFO] running `Command { std: "git" "rev-parse" "HEAD", kill_on_drop: false }`
[INFO] [stdout] e706441dfa2cd68d462bbc871da615529a22a364
[INFO] checking dbrgn/vbt-lift-control against master#af3c6e733a40e671550e0f0f5aeecaa13772ba56 for pr-74989
[INFO] running `Command { std: "git" "clone" "/workspace/cache/git-repos/https%3A%2F%2Fgithub.com%2Fdbrgn%2Fvbt-lift-control" "/workspace/builds/worker-6/source", kill_on_drop: false }`
[INFO] [stderr] Cloning into '/workspace/builds/worker-6/source'...
[INFO] [stderr] done.
[INFO] validating manifest of git repo https://github.com/dbrgn/vbt-lift-control on toolchain af3c6e733a40e671550e0f0f5aeecaa13772ba56
[INFO] running `Command { std: "/workspace/cargo-home/bin/cargo" "+af3c6e733a40e671550e0f0f5aeecaa13772ba56" "read-manifest" "--manifest-path" "Cargo.toml", kill_on_drop: false }`
[INFO] removed /workspace/builds/worker-6/source/.cargo/config
[INFO] started tweaking git repo https://github.com/dbrgn/vbt-lift-control
[INFO] finished tweaking git repo https://github.com/dbrgn/vbt-lift-control
[INFO] tweaked toml for git repo https://github.com/dbrgn/vbt-lift-control written to /workspace/builds/worker-6/source/Cargo.toml
[INFO] crate git repo https://github.com/dbrgn/vbt-lift-control already has a lockfile, it will not be regenerated
[INFO] running `Command { std: "/workspace/cargo-home/bin/cargo" "+af3c6e733a40e671550e0f0f5aeecaa13772ba56" "fetch" "--locked" "--manifest-path" "Cargo.toml", kill_on_drop: false }`
[INFO] running `Command { std: "docker" "create" "-v" "/var/lib/crater-agent-workspace/builds/worker-6/target:/opt/rustwide/target:rw,Z" "-v" "/var/lib/crater-agent-workspace/builds/worker-6/source:/opt/rustwide/workdir:ro,Z" "-v" "/var/lib/crater-agent-workspace/cargo-home:/opt/rustwide/cargo-home:ro,Z" "-v" "/var/lib/crater-agent-workspace/rustup-home:/opt/rustwide/rustup-home:ro,Z" "-e" "SOURCE_DIR=/opt/rustwide/workdir" "-e" "CARGO_TARGET_DIR=/opt/rustwide/target" "-e" "CARGO_HOME=/opt/rustwide/cargo-home" "-e" "RUSTUP_HOME=/opt/rustwide/rustup-home" "-w" "/opt/rustwide/workdir" "-m" "1610612736" "--user" "0:0" "--network" "none" "rustops/crates-build-env@sha256:d92eaeed33fa75130ca1ee6c8a01d1ffb62bac859dfdfb3450e3e5d1c0146529" "/opt/rustwide/cargo-home/bin/cargo" "+af3c6e733a40e671550e0f0f5aeecaa13772ba56" "metadata" "--no-deps" "--format-version=1", kill_on_drop: false }`
[INFO] [stdout] 5fe7e039d45202a6ab6e00bae761902d89b7fc2e92b50a44d020e7d19137c670
[INFO] [stderr] WARNING: Your kernel does not support swap limit capabilities or the cgroup is not mounted. Memory limited without swap.
[INFO] running `Command { std: "docker" "start" "-a" "5fe7e039d45202a6ab6e00bae761902d89b7fc2e92b50a44d020e7d19137c670", kill_on_drop: false }`
[INFO] running `Command { std: "docker" "inspect" "5fe7e039d45202a6ab6e00bae761902d89b7fc2e92b50a44d020e7d19137c670", kill_on_drop: false }`
[INFO] running `Command { std: "docker" "rm" "-f" "5fe7e039d45202a6ab6e00bae761902d89b7fc2e92b50a44d020e7d19137c670", kill_on_drop: false }`
[INFO] [stdout] 5fe7e039d45202a6ab6e00bae761902d89b7fc2e92b50a44d020e7d19137c670
[INFO] running `Command { std: "docker" "create" "-v" "/var/lib/crater-agent-workspace/builds/worker-6/target:/opt/rustwide/target:rw,Z" "-v" "/var/lib/crater-agent-workspace/builds/worker-6/source:/opt/rustwide/workdir:ro,Z" "-v" "/var/lib/crater-agent-workspace/cargo-home:/opt/rustwide/cargo-home:ro,Z" "-v" "/var/lib/crater-agent-workspace/rustup-home:/opt/rustwide/rustup-home:ro,Z" "-e" "SOURCE_DIR=/opt/rustwide/workdir" "-e" "CARGO_TARGET_DIR=/opt/rustwide/target" "-e" "CARGO_INCREMENTAL=0" "-e" "RUST_BACKTRACE=full" "-e" "RUSTFLAGS=--cap-lints=forbid" "-e" "CARGO_HOME=/opt/rustwide/cargo-home" "-e" "RUSTUP_HOME=/opt/rustwide/rustup-home" "-w" "/opt/rustwide/workdir" "-m" "1610612736" "--user" "0:0" "--network" "none" "rustops/crates-build-env@sha256:d92eaeed33fa75130ca1ee6c8a01d1ffb62bac859dfdfb3450e3e5d1c0146529" "/opt/rustwide/cargo-home/bin/cargo" "+af3c6e733a40e671550e0f0f5aeecaa13772ba56" "check" "--frozen" "--all" "--all-targets" "--message-format=json", kill_on_drop: false }`
[INFO] [stdout] db7918bd5b30aaf1fff0ebe1423088a12efc3ead0b0dd707239e0b4702f210bc
[INFO] [stderr] WARNING: Your kernel does not support swap limit capabilities or the cgroup is not mounted. Memory limited without swap.
[INFO] running `Command { std: "docker" "start" "-a" "db7918bd5b30aaf1fff0ebe1423088a12efc3ead0b0dd707239e0b4702f210bc", kill_on_drop: false }`
[INFO] [stderr]    Compiling semver-parser v0.7.0
[INFO] [stderr]    Compiling typenum v1.11.2
[INFO] [stderr]    Compiling proc-macro2 v1.0.7
[INFO] [stderr]    Compiling unicode-xid v0.2.0
[INFO] [stderr]    Compiling syn v1.0.13
[INFO] [stderr]    Compiling cortex-m v0.6.1
[INFO] [stderr]     Checking stable_deref_trait v1.1.1
[INFO] [stderr]    Compiling autocfg v1.0.0
[INFO] [stderr]    Compiling cortex-m-rt v0.6.11
[INFO] [stderr]    Compiling byteorder v1.3.4
[INFO] [stderr]     Checking r0 v0.2.2
[INFO] [stderr]    Compiling heapless v0.5.3
[INFO] [stderr]    Compiling stm32f1 v0.9.0
[INFO] [stderr]    Compiling cortex-m-rtfm v0.5.1
[INFO] [stderr]     Checking nb v0.1.2
[INFO] [stderr]    Compiling lift-control v0.1.0 (/opt/rustwide/workdir)
[INFO] [stderr]     Checking rtfm-core v0.3.0
[INFO] [stderr]     Checking panic-halt v0.2.0
[INFO] [stderr]     Checking embedded-hal v0.2.3
[INFO] [stderr]    Compiling semver v0.9.0
[INFO] [stderr]    Compiling rustc_version v0.2.3
[INFO] [stderr]    Compiling indexmap v1.3.2
[INFO] [stderr]    Compiling bare-metal v0.2.5
[INFO] [stderr]    Compiling cast v0.2.3
[INFO] [stderr]     Checking hash32 v0.1.1
[INFO] [stderr]    Compiling quote v1.0.2
[INFO] [stderr]     Checking generic-array v0.13.2
[INFO] [stderr]     Checking generic-array v0.12.3
[INFO] [stderr]     Checking as-slice v0.1.2
[INFO] [stderr]     Checking aligned v0.3.2
[INFO] [stderr]    Compiling rtfm-syntax v0.4.0
[INFO] [stderr]    Compiling cortex-m-rt-macros v0.1.7
[INFO] [stderr]    Compiling cortex-m-rtfm-macros v0.5.0
[INFO] [stderr]     Checking stm32f1xx-hal v0.5.2
[INFO] [stdout] error[E0432]: unresolved import `rtfm::cyccnt`
[INFO] [stdout]  --> src/main.rs:8:11
[INFO] [stdout]   |
[INFO] [stdout] 8 | use rtfm::cyccnt::U32Ext;
[INFO] [stdout]   |           ^^^^^^ could not find `cyccnt` in `rtfm`
[INFO] [stdout] 
[INFO] [stdout] 
[INFO] [stdout] error[E0433]: failed to resolve: could not find `cyccnt` in `rtfm`
[INFO] [stdout]   --> src/main.rs:71:74
[INFO] [stdout]    |
[INFO] [stdout] 71 | #[app(device = stm32f1::stm32f103, peripherals = true, monotonic = rtfm::cyccnt::CYCCNT)]
[INFO] [stdout]    |                                                                          ^^^^^^ could not find `cyccnt` in `rtfm`
[INFO] [stdout] 
[INFO] [stdout] 
[INFO] [stdout] error: language item required, but not found: `eh_personality`
[INFO] [stdout] 
[INFO] [stdout] 
[INFO] [stdout] error[E0599]: no method named `cycles` found for type `u32` in the current scope
[INFO] [stdout]    --> src/main.rs:155:51
[INFO] [stdout]     |
[INFO] [stdout] 155 |             .poll_adc(ctx.scheduled + POLL_PERIOD.cycles())
[INFO] [stdout]     |                                                   ^^^^^^ method not found in `u32`
[INFO] [stdout] 
[INFO] [stdout] 
[INFO] [stdout] error[E0282]: type annotations needed
[INFO] [stdout]   --> src/main.rs:71:1
[INFO] [stdout]    |
[INFO] [stdout] 71 | #[app(device = stm32f1::stm32f103, peripherals = true, monotonic = rtfm::cyccnt::CYCCNT)]
[INFO] [stdout]    | ^^^^^^^^^^^^^^^^^^^^^^^^^^^^^^^^^^^^^^^^^^^^^^^^^^^^^^^^^^^^^^^^^^^^^^^^^^^^^^^^^^^^^^^^^
[INFO] [stdout]    |
[INFO] [stdout]    = note: type must be known at this point
[INFO] [stdout]    = note: this error originates in an attribute macro (in Nightly builds, run with -Z macro-backtrace for more info)
[INFO] [stdout] 
[INFO] [stdout] 
[INFO] [stdout] error: aborting due to 5 previous errors
[INFO] [stdout] 
[INFO] [stdout] 
[INFO] [stdout] Some errors have detailed explanations: E0282, E0432, E0433, E0599.
[INFO] [stdout] 
[INFO] [stdout] For more information about an error, try `rustc --explain E0282`.
[INFO] [stdout] 
[INFO] [stderr] error: could not compile `lift-control`.
[INFO] [stderr] 
[INFO] [stderr] To learn more, run the command again with --verbose.
[INFO] running `Command { std: "docker" "inspect" "db7918bd5b30aaf1fff0ebe1423088a12efc3ead0b0dd707239e0b4702f210bc", kill_on_drop: false }`
[INFO] running `Command { std: "docker" "rm" "-f" "db7918bd5b30aaf1fff0ebe1423088a12efc3ead0b0dd707239e0b4702f210bc", kill_on_drop: false }`
[INFO] [stdout] db7918bd5b30aaf1fff0ebe1423088a12efc3ead0b0dd707239e0b4702f210bc
